{"id":2558,"date":"2021-07-16T08:38:50","date_gmt":"2021-07-16T08:38:50","guid":{"rendered":"https:\/\/psychotherapiehaus.ch\/?page_id=2558"},"modified":"2021-10-06T15:20:35","modified_gmt":"2021-10-06T15:20:35","slug":"schizophrenie","status":"publish","type":"page","link":"https:\/\/psychotherapiehaus.ch\/tr\/schizophrenie\/","title":{"rendered":"\u015eizofreni"},"content":{"rendered":"<div data-colibri-id=\"2558-c1\" class=\"style-1126 style-local-2558-c1 position-relative\">\n  <!---->\n  <div data-colibri-component=\"section\" data-colibri-id=\"2558-c2\" id=\"initial-content\" class=\"h-section h-section-global-spacing d-flex align-items-lg-center align-items-md-center align-items-center style-1127 style-local-2558-c2 position-relative\">\n    <!---->\n    <!---->\n    <div class=\"h-section-grid-container h-section-boxed-container\">\n      <!---->\n      <div data-colibri-id=\"2558-c3\" class=\"h-row-container gutters-row-lg-2 gutters-row-md-2 gutters-row-0 gutters-row-v-lg-2 gutters-row-v-md-2 gutters-row-v-2 style-1128 style-local-2558-c3 position-relative\">\n        <!---->\n        <div class=\"h-row justify-content-lg-center justify-content-md-center justify-content-center align-items-lg-stretch align-items-md-stretch align-items-stretch gutters-col-lg-2 gutters-col-md-2 gutters-col-0 gutters-col-v-lg-2 gutters-col-v-md-2 gutters-col-v-2\">\n          <!---->\n          <div class=\"h-column h-column-container d-flex h-col-lg-auto h-col-md-auto h-col-auto style-1129-outer style-local-2558-c4-outer\">\n            <div data-colibri-id=\"2558-c4\" class=\"d-flex h-flex-basis h-column__inner h-px-lg-2 h-px-md-2 h-px-2 v-inner-lg-2 v-inner-md-2 v-inner-2 style-1129 style-local-2558-c4 position-relative\">\n              <!---->\n              <!---->\n              <div class=\"w-100 h-y-container h-column__content h-column__v-align flex-basis-100 align-self-lg-start align-self-md-start align-self-start\">\n                <!---->\n                <div data-colibri-id=\"2558-c6\" class=\"d-block style-1131 style-local-2558-c6 position-relative h-element\">\n                  <!---->\n                  <div class=\"h-image__frame-container-outer\">\n                    <div class=\"h-image__frame-container\">\n                      <!---->\n                      <!---->\n                      <img loading=\"lazy\" width=\"2319\" height=\"1459\" src=\"https:\/\/psychotherapiehaus.ch\/wp-content\/uploads\/2021\/09\/cropped-SCHIZOFRENIE-scaled-1.jpg\" class=\"wp-image-3411 style-1131-image style-local-2558-c6-image\" srcset=\"https:\/\/psychotherapiehaus.ch\/wp-content\/uploads\/2021\/09\/cropped-SCHIZOFRENIE-scaled-1.jpg 2319w, https:\/\/psychotherapiehaus.ch\/wp-content\/uploads\/2021\/09\/cropped-SCHIZOFRENIE-scaled-1-300x189.jpg 300w, https:\/\/psychotherapiehaus.ch\/wp-content\/uploads\/2021\/09\/cropped-SCHIZOFRENIE-scaled-1-1024x644.jpg 1024w, https:\/\/psychotherapiehaus.ch\/wp-content\/uploads\/2021\/09\/cropped-SCHIZOFRENIE-scaled-1-768x483.jpg 768w, https:\/\/psychotherapiehaus.ch\/wp-content\/uploads\/2021\/09\/cropped-SCHIZOFRENIE-scaled-1-1536x966.jpg 1536w, https:\/\/psychotherapiehaus.ch\/wp-content\/uploads\/2021\/09\/cropped-SCHIZOFRENIE-scaled-1-2048x1289.jpg 2048w, https:\/\/psychotherapiehaus.ch\/wp-content\/uploads\/2021\/09\/cropped-SCHIZOFRENIE-scaled-1-18x12.jpg 18w\" sizes=\"(max-width: 2319px) 100vw, 2319px\" alt=\"\" \/>\n                      <div class=\"h-image__frame h-hide-lg h-hide-md h-hide-sm style-1131-frameImage style-local-2558-c6-frameImage\"><\/div>\n                    <\/div>\n                  <\/div>\n                <\/div>\n                <div data-colibri-id=\"2558-c5\" class=\"style-1130 style-local-2558-c5 position-relative h-element\">\n                  <!---->\n                  <div>\n                    \n                    <div class=\"wp-block-themeisle-blocks-advanced-columns has-1-columns has-desktop-equal-layout has-tablet-equal-layout has-mobile-equal-layout has-default-gap has-vertical-unset\" id=\"wp-block-themeisle-blocks-advanced-columns-02091110\">\n                      <div class=\"wp-block-themeisle-blocks-advanced-columns-overlay\"><\/div>\n                      <div class=\"innerblocks-wrap\">\n                        \n                        <div class=\"wp-block-themeisle-blocks-advanced-column\" id=\"wp-block-themeisle-blocks-advanced-column-40891f92\">\n                          \n                          <figure class=\"wp-block-image size-large\">\n                            <img loading=\"lazy\" width=\"928\" height=\"1024\" src=\"https:\/\/psychotherapiehaus.ch\/wp-content\/uploads\/2021\/09\/SCHIZOFRENIE--928x1024.jpg\" alt=\"\" class=\"wp-image-3196\" srcset=\"https:\/\/psychotherapiehaus.ch\/wp-content\/uploads\/2021\/09\/SCHIZOFRENIE--928x1024.jpg 928w, https:\/\/psychotherapiehaus.ch\/wp-content\/uploads\/2021\/09\/SCHIZOFRENIE--272x300.jpg 272w, https:\/\/psychotherapiehaus.ch\/wp-content\/uploads\/2021\/09\/SCHIZOFRENIE--768x847.jpg 768w, https:\/\/psychotherapiehaus.ch\/wp-content\/uploads\/2021\/09\/SCHIZOFRENIE--1392x1536.jpg 1392w, https:\/\/psychotherapiehaus.ch\/wp-content\/uploads\/2021\/09\/SCHIZOFRENIE--1856x2048.jpg 1856w, https:\/\/psychotherapiehaus.ch\/wp-content\/uploads\/2021\/09\/SCHIZOFRENIE--11x12.jpg 11w\" sizes=\"(max-width: 928px) 100vw, 928px\" \/>\n                          <\/figure>\n                          \n                        <\/div>\n                        \n                      <\/div>\n                    <\/div>\n                    \n\n                    \n                    <p class=\"has-colibri-color-3-color has-text-color\"><strong>Was ist Schizophrenie \/ eine schizophrene Psychose?<\/strong><\/p>\n                    \n\n                    \n                    <p>Schizophrenie ist eine chronische Krankheit, die phasenweise verlaufen kann, wobei Dauer und Muster der Phasen variieren k\u00f6nnen. Weltweit leidet ein Prozent der Bev\u00f6lkerung mindestens einmal im Leben an Schizophrenie.\n                      <br>Schizophrenie ist charakterisiert durch Psychose (Realit\u00e4tsverlust), Halluzinationen (Wahrnehmungsst\u00f6rungen), Wahnvorstellungen (falsche \u00dcberzeugungen), Inkongruenz von Denken und Handeln, Affektverflachung (eingeschr\u00e4nkter emotionaler\n                      Bereich), kognitive Defizite (Beeintr\u00e4chtigung von Nachdenken und Probleml\u00f6sung) sowie Funktionsst\u00f6rungen im beruflichen und sozialen Leben.&nbsp; Die Ursache der Schizophrenie ist unbekannt, aber der Nachweis f\u00fcr genetische, sozio\u00f6konomische\n                      Komponenten ist stark. Die Symptome beginnen meist in der Adoleszenz oder im fr\u00fchen Erwachsenenalter. Zu einer Psychose geh\u00f6ren Symptome wie Wahnvorstellungen, Halluzinationen, desorganisiertes Denken und Sprechen sowie bizarres\n                      und unangemessenes motorisches Verhalten, was einen Kontaktverlust mit der Realit\u00e4t aufzeigt. <\/p>\n                    \n\n                    \n                    <h5 class=\"has-colibri-color-3-color has-text-color\">Die Symptome einer Schizophrenie?<\/h5>\n                    \n\n                    \n                    <p class=\"has-colibri-color-3-color has-text-color\"><strong>Halluzinationen<\/strong>:<\/p>\n                    \n\n                    \n                    <p>Meist h\u00f6ren die Menschen mit Schizophrenie verschiedene Stimmen. Seltener sehen, schmecken oder f\u00fchlen sie Dinge, die nicht real sind. Die Stimmen k\u00f6nnen freundlich oder bedrohlich sein, sie k\u00f6nnen zu bekannten Personen \u201egeh\u00f6ren\u201c oder\n                      nicht. Oft kommentieren die Stimmen das eigene Verhalten, oder sie unterhalten sich \u00fcber einen. Die Stimmen k\u00f6nnen auch zu bestimmten Taten dr\u00e4ngen.<\/p>\n                    \n\n                    \n                    <p class=\"has-colibri-color-3-color has-text-color\"><strong>Stimmen h\u00f6ren:<\/strong><\/p>\n                    \n\n                    \n                    <p>Menschen empfinden das H\u00f6ren von Stimmen unterschiedlich. F\u00fcr einige sind die Stimmen bedrohlich und auf Dauer extrem ersch\u00f6pfend, zudem k\u00f6nnen sie den Wahn massiv verst\u00e4rken. Das Stimmen h\u00f6ren kann Angst, Verwirrung und Selbstzweifel\n                      ausl\u00f6sen. Andere Betroffene finden eher einen Weg, mit den Stimmen umzugehen und f\u00fchlen sich durch sie nicht wesentlich beeintr\u00e4chtigt.<\/p>\n                    \n\n                    \n                    <p class=\"has-colibri-color-3-color has-text-color\"><strong>Wahn<\/strong>:<\/p>\n                    \n\n                    \n                    <p class=\"has-text-align-left\">Die Wahnvorstellungen k\u00f6nnen sich ganz unterschiedlich \u00e4ussern. Wahnvorstellungen sind fehlerhafte und realit\u00e4tsfremde \u00dcberzeugungen.\n                      <br>Oft entwickelt sich ein Verfolgungswahn oder das starke Gef\u00fchl, zu etwas Ungew\u00f6hnlichem berufen zu sein. Haben verzehrte unrealistische Wahrnehmungen. &nbsp;Normale Dinge erscheinen pl\u00f6tzlich sonderbar. Betroffene beziehen alles\n                      auf sich und sehen \u00fcberall \u201eZeichen\u201c, die ihre Wahrnehmung best\u00e4tigen. Einige Menschen haben das Gef\u00fchl, verfolgt zu werden oder glauben, dass sich andere gegen sie verschworen haben \u2013 zum Beispiel die Regierung, Geheimdienste, oder\n                      die eigenen Nachbarn.\n                      <br>In einer wahnhaften Phase sind Betroffene oft sehr energiegeladen und rastlos. Sie haben manchmal extrem positive Gef\u00fchle, sind sehr kreativ und euphorisch. Andere erleben wiederum starke Angst&nbsp;bis hin zu Verfolgungswahn (Paranoia)\n                      und f\u00fcrchten, \u201everr\u00fcckt zu werden\u201c. Oft wechseln sich positive und negative Gef\u00fchle ab.<\/p>\n                    \n\n                    \n                    <p><strong>Verfolgungswahn:<\/strong> Die Patienten glauben, dass sie gequ\u00e4lt, verfolgt, bedroht oder ausspioniert w\u00fcrden.\n                      <br><strong>Beziehungswahn<\/strong>: &nbsp;Beziehen allgemeine Ereignisse auf sich selbst oder interpretieren bestimmte Gegenst\u00e4nde bzw. Personen als Bedrohung. Ein typisches Zeichen ist etwa, wenn die Betroffenen glauben, dass Sprecher\n                      im Fernsehen oder Radio ihnen geheime Botschaften \u00fcbermitteln.\n                      <br><strong>Gr\u00f6ssenwahn<\/strong>&nbsp;liegt vor, wenn jemand beispielweise glaubt, eine ber\u00fchmte Pers\u00f6nlichkeit oder aussergew\u00f6hnliche F\u00e4higkeiten zu haben.<\/p>\n                    \n\n                    \n                    <ul>\n                      <li><span class=\"has-inline-color has-colibri-color-3-color\"><strong>Ich-St\u00f6rung<\/strong>: <\/span>\n                        <br>Der Begriff \u201eIch-St\u00f6rung\u201c meint, dass die Grenze zwischen der eigenen Person und der Umwelt verschwimmt. Sie erleben in einer unrealistischen Realit\u00e4t, Es kann zum Beispiel das Gef\u00fchl entstehen, das eigene Erleben und Denken werde\n                        durch andere gesteuert \u2013 oder andere k\u00f6nnten die eigenen Gedanken lesen.<\/li>\n                      <li><span class=\"has-inline-color has-colibri-color-3-color\"><strong>Beeintr\u00e4chtigung von Sprache und Denken<\/strong>: <\/span>\n                        <br>Das Denken wird fahrig und wirr, S\u00e4tze sind grammatikalisch falsch und unverst\u00e4ndlich. Dieselben Gedanken werden st\u00e4ndig wiederholt.<\/li>\n                      <li><span class=\"has-inline-color has-colibri-color-3-color\"><strong>Auff\u00e4lliges Gef\u00fchlsleben<\/strong>: <\/span>\n                        <br>Dies kann sich als innere Leere, Abstumpfung und sozialer R\u00fcckzug \u00e4ussern, manchmal als auch depressive Verstimmung. Pl\u00f6tzliche Stimmungswechsel oder v\u00f6llig unpassendes Verhalten k\u00f6nnen ebenfalls vorkommen \u2013 zum Beispiel Lachen\n                        bei traurigen Anl\u00e4ssen.<\/li>\n                      <li><span class=\"has-inline-color has-colibri-color-3-color\"><strong>Bewegungsauff\u00e4lligkeiten<\/strong>: <\/span>\n                        <br>Manche Menschen haben einen ziellosen Bewegungsdrang, andere ahmen Bewegungen nach, grimassieren oder erstarren in teils ungew\u00f6hnlichen Gesten oder K\u00f6rperhaltungen.<\/li>\n                      <li><span class=\"has-inline-color has-colibri-color-3-color\"><strong>Eingeschr\u00e4nkte Denkleistung<\/strong>: <\/span>\n                        <br>Die Aufmerksamkeit, die Konzentration und das Ged\u00e4chtnis sind gest\u00f6rt. Das L\u00f6sen komplexerer Aufgaben (beispielsweise, sich auf eine Stelle zu bewerben) bereitet starke Probleme.<\/li>\n                    <\/ul>\n                    \n\n                    \n                    <p class=\"has-colibri-color-3-color has-text-color\"><strong>Behandlung\/ Therapie<\/strong><\/p>\n                    \n                  <\/div>\n                <\/div>\n              <\/div>\n            <\/div>\n          <\/div>\n        <\/div>\n      <\/div>\n    <\/div>\n  <\/div>\n<\/div>","protected":false},"excerpt":{"rendered":"<p>Was ist Schizophrenie \/ eine schizophrene Psychose? Schizophrenie ist eine chronische Krankheit, die phasenweise verlaufen kann, wobei Dauer und Muster der Phasen variieren k\u00f6nnen. Weltweit leidet ein Prozent der Bev\u00f6lkerung mindestens einmal im Leben an Schizophrenie. Schizophrenie ist charakterisiert durch Psychose (Realit\u00e4tsverlust), Halluzinationen (Wahrnehmungsst\u00f6rungen), Wahnvorstellungen (falsche \u00dcberzeugungen), Inkongruenz von Denken und Handeln, Affektverflachung (eingeschr\u00e4nkter emotionaler [&hellip;]<\/p>","protected":false},"author":1,"featured_media":0,"parent":0,"menu_order":0,"comment_status":"closed","ping_status":"closed","template":"page-templates\/full-width-page.php","meta":[],"_links":{"self":[{"href":"https:\/\/psychotherapiehaus.ch\/tr\/wp-json\/wp\/v2\/pages\/2558"}],"collection":[{"href":"https:\/\/psychotherapiehaus.ch\/tr\/wp-json\/wp\/v2\/pages"}],"about":[{"href":"https:\/\/psychotherapiehaus.ch\/tr\/wp-json\/wp\/v2\/types\/page"}],"author":[{"embeddable":true,"href":"https:\/\/psychotherapiehaus.ch\/tr\/wp-json\/wp\/v2\/users\/1"}],"replies":[{"embeddable":true,"href":"https:\/\/psychotherapiehaus.ch\/tr\/wp-json\/wp\/v2\/comments?post=2558"}],"version-history":[{"count":10,"href":"https:\/\/psychotherapiehaus.ch\/tr\/wp-json\/wp\/v2\/pages\/2558\/revisions"}],"predecessor-version":[{"id":3413,"href":"https:\/\/psychotherapiehaus.ch\/tr\/wp-json\/wp\/v2\/pages\/2558\/revisions\/3413"}],"wp:attachment":[{"href":"https:\/\/psychotherapiehaus.ch\/tr\/wp-json\/wp\/v2\/media?parent=2558"}],"curies":[{"name":"wp","href":"https:\/\/api.w.org\/{rel}","templated":true}]}}

Şizofreni

<div data-colibri-id="2558-c1" class="style-1126 style-local-2558-c1 position-relative">
  <!---->
  <div data-colibri-component="section" data-colibri-id="2558-c2" id="initial-content" class="h-section h-section-global-spacing d-flex align-items-lg-center align-items-md-center align-items-center style-1127 style-local-2558-c2 position-relative">
    <!---->
    <!---->
    <div class="h-section-grid-container h-section-boxed-container">
      <!---->
      <div data-colibri-id="2558-c3" class="h-row-container gutters-row-lg-2 gutters-row-md-2 gutters-row-0 gutters-row-v-lg-2 gutters-row-v-md-2 gutters-row-v-2 style-1128 style-local-2558-c3 position-relative">
        <!---->
        <div class="h-row justify-content-lg-center justify-content-md-center justify-content-center align-items-lg-stretch align-items-md-stretch align-items-stretch gutters-col-lg-2 gutters-col-md-2 gutters-col-0 gutters-col-v-lg-2 gutters-col-v-md-2 gutters-col-v-2">
          <!---->
          <div class="h-column h-column-container d-flex h-col-lg-auto h-col-md-auto h-col-auto style-1129-outer style-local-2558-c4-outer">
            <div data-colibri-id="2558-c4" class="d-flex h-flex-basis h-column__inner h-px-lg-2 h-px-md-2 h-px-2 v-inner-lg-2 v-inner-md-2 v-inner-2 style-1129 style-local-2558-c4 position-relative">
              <!---->
              <!---->
              <div class="w-100 h-y-container h-column__content h-column__v-align flex-basis-100 align-self-lg-start align-self-md-start align-self-start">
                <!---->
                <div data-colibri-id="2558-c6" class="d-block style-1131 style-local-2558-c6 position-relative h-element">
                  <!---->
                  <div class="h-image__frame-container-outer">
                    <div class="h-image__frame-container">
                      <!---->
                      <!---->
                      <img loading="lazy" width="2319" height="1459" src="https://psychotherapiehaus.ch/wp-content/uploads/2021/09/cropped-SCHIZOFRENIE-scaled-1.jpg" class="wp-image-3411 style-1131-image style-local-2558-c6-image" srcset="https://psychotherapiehaus.ch/wp-content/uploads/2021/09/cropped-SCHIZOFRENIE-scaled-1.jpg 2319w, https://psychotherapiehaus.ch/wp-content/uploads/2021/09/cropped-SCHIZOFRENIE-scaled-1-300x189.jpg 300w, https://psychotherapiehaus.ch/wp-content/uploads/2021/09/cropped-SCHIZOFRENIE-scaled-1-1024x644.jpg 1024w, https://psychotherapiehaus.ch/wp-content/uploads/2021/09/cropped-SCHIZOFRENIE-scaled-1-768x483.jpg 768w, https://psychotherapiehaus.ch/wp-content/uploads/2021/09/cropped-SCHIZOFRENIE-scaled-1-1536x966.jpg 1536w, https://psychotherapiehaus.ch/wp-content/uploads/2021/09/cropped-SCHIZOFRENIE-scaled-1-2048x1289.jpg 2048w, https://psychotherapiehaus.ch/wp-content/uploads/2021/09/cropped-SCHIZOFRENIE-scaled-1-18x12.jpg 18w" sizes="(max-width: 2319px) 100vw, 2319px" alt="" />
                      <div class="h-image__frame h-hide-lg h-hide-md h-hide-sm style-1131-frameImage style-local-2558-c6-frameImage"></div>
                    </div>
                  </div>
                </div>
                <div data-colibri-id="2558-c5" class="style-1130 style-local-2558-c5 position-relative h-element">
                  <!---->
                  <div>
                    
                    <div class="wp-block-themeisle-blocks-advanced-columns has-1-columns has-desktop-equal-layout has-tablet-equal-layout has-mobile-equal-layout has-default-gap has-vertical-unset" id="wp-block-themeisle-blocks-advanced-columns-02091110">
                      <div class="wp-block-themeisle-blocks-advanced-columns-overlay"></div>
                      <div class="innerblocks-wrap">
                        
                        <div class="wp-block-themeisle-blocks-advanced-column" id="wp-block-themeisle-blocks-advanced-column-40891f92">
                          
                          <figure class="wp-block-image size-large">
                            <img loading="lazy" width="928" height="1024" src="https://psychotherapiehaus.ch/wp-content/uploads/2021/09/SCHIZOFRENIE--928x1024.jpg" alt="" class="wp-image-3196" srcset="https://psychotherapiehaus.ch/wp-content/uploads/2021/09/SCHIZOFRENIE--928x1024.jpg 928w, https://psychotherapiehaus.ch/wp-content/uploads/2021/09/SCHIZOFRENIE--272x300.jpg 272w, https://psychotherapiehaus.ch/wp-content/uploads/2021/09/SCHIZOFRENIE--768x847.jpg 768w, https://psychotherapiehaus.ch/wp-content/uploads/2021/09/SCHIZOFRENIE--1392x1536.jpg 1392w, https://psychotherapiehaus.ch/wp-content/uploads/2021/09/SCHIZOFRENIE--1856x2048.jpg 1856w, https://psychotherapiehaus.ch/wp-content/uploads/2021/09/SCHIZOFRENIE--11x12.jpg 11w" sizes="(max-width: 928px) 100vw, 928px" />
                          </figure>
                          
                        </div>
                        
                      </div>
                    </div>
                    

                    
                    <p class="has-colibri-color-3-color has-text-color"><strong>Was ist Schizophrenie / eine schizophrene Psychose?</strong></p>
                    

                    
                    <p>Schizophrenie ist eine chronische Krankheit, die phasenweise verlaufen kann, wobei Dauer und Muster der Phasen variieren können. Weltweit leidet ein Prozent der Bevölkerung mindestens einmal im Leben an Schizophrenie.
                      <br>Schizophrenie ist charakterisiert durch Psychose (Realitätsverlust), Halluzinationen (Wahrnehmungsstörungen), Wahnvorstellungen (falsche Überzeugungen), Inkongruenz von Denken und Handeln, Affektverflachung (eingeschränkter emotionaler
                      Bereich), kognitive Defizite (Beeinträchtigung von Nachdenken und Problemlösung) sowie Funktionsstörungen im beruflichen und sozialen Leben.&nbsp; Die Ursache der Schizophrenie ist unbekannt, aber der Nachweis für genetische, sozioökonomische
                      Komponenten ist stark. Die Symptome beginnen meist in der Adoleszenz oder im frühen Erwachsenenalter. Zu einer Psychose gehören Symptome wie Wahnvorstellungen, Halluzinationen, desorganisiertes Denken und Sprechen sowie bizarres
                      und unangemessenes motorisches Verhalten, was einen Kontaktverlust mit der Realität aufzeigt. </p>
                    

                    
                    <h5 class="has-colibri-color-3-color has-text-color">Die Symptome einer Schizophrenie?</h5>
                    

                    
                    <p class="has-colibri-color-3-color has-text-color"><strong>Halluzinationen</strong>:</p>
                    

                    
                    <p>Meist hören die Menschen mit Schizophrenie verschiedene Stimmen. Seltener sehen, schmecken oder fühlen sie Dinge, die nicht real sind. Die Stimmen können freundlich oder bedrohlich sein, sie können zu bekannten Personen „gehören“ oder
                      nicht. Oft kommentieren die Stimmen das eigene Verhalten, oder sie unterhalten sich über einen. Die Stimmen können auch zu bestimmten Taten drängen.</p>
                    

                    
                    <p class="has-colibri-color-3-color has-text-color"><strong>Stimmen hören:</strong></p>
                    

                    
                    <p>Menschen empfinden das Hören von Stimmen unterschiedlich. Für einige sind die Stimmen bedrohlich und auf Dauer extrem erschöpfend, zudem können sie den Wahn massiv verstärken. Das Stimmen hören kann Angst, Verwirrung und Selbstzweifel
                      auslösen. Andere Betroffene finden eher einen Weg, mit den Stimmen umzugehen und fühlen sich durch sie nicht wesentlich beeinträchtigt.</p>
                    

                    
                    <p class="has-colibri-color-3-color has-text-color"><strong>Wahn</strong>:</p>
                    

                    
                    <p class="has-text-align-left">Die Wahnvorstellungen können sich ganz unterschiedlich äussern. Wahnvorstellungen sind fehlerhafte und realitätsfremde Überzeugungen.
                      <br>Oft entwickelt sich ein Verfolgungswahn oder das starke Gefühl, zu etwas Ungewöhnlichem berufen zu sein. Haben verzehrte unrealistische Wahrnehmungen. &nbsp;Normale Dinge erscheinen plötzlich sonderbar. Betroffene beziehen alles
                      auf sich und sehen überall „Zeichen“, die ihre Wahrnehmung bestätigen. Einige Menschen haben das Gefühl, verfolgt zu werden oder glauben, dass sich andere gegen sie verschworen haben – zum Beispiel die Regierung, Geheimdienste, oder
                      die eigenen Nachbarn.
                      <br>In einer wahnhaften Phase sind Betroffene oft sehr energiegeladen und rastlos. Sie haben manchmal extrem positive Gefühle, sind sehr kreativ und euphorisch. Andere erleben wiederum starke Angst&nbsp;bis hin zu Verfolgungswahn (Paranoia)
                      und fürchten, „verrückt zu werden“. Oft wechseln sich positive und negative Gefühle ab.</p>
                    

                    
                    <p><strong>Verfolgungswahn:</strong> Die Patienten glauben, dass sie gequält, verfolgt, bedroht oder ausspioniert würden.
                      <br><strong>Beziehungswahn</strong>: &nbsp;Beziehen allgemeine Ereignisse auf sich selbst oder interpretieren bestimmte Gegenstände bzw. Personen als Bedrohung. Ein typisches Zeichen ist etwa, wenn die Betroffenen glauben, dass Sprecher
                      im Fernsehen oder Radio ihnen geheime Botschaften übermitteln.
                      <br><strong>Grössenwahn</strong>&nbsp;liegt vor, wenn jemand beispielweise glaubt, eine berühmte Persönlichkeit oder aussergewöhnliche Fähigkeiten zu haben.</p>
                    

                    
                    <ul>
                      <li><span class="has-inline-color has-colibri-color-3-color"><strong>Ich-Störung</strong>: </span>
                        <br>Der Begriff „Ich-Störung“ meint, dass die Grenze zwischen der eigenen Person und der Umwelt verschwimmt. Sie erleben in einer unrealistischen Realität, Es kann zum Beispiel das Gefühl entstehen, das eigene Erleben und Denken werde
                        durch andere gesteuert – oder andere könnten die eigenen Gedanken lesen.</li>
                      <li><span class="has-inline-color has-colibri-color-3-color"><strong>Beeinträchtigung von Sprache und Denken</strong>: </span>
                        <br>Das Denken wird fahrig und wirr, Sätze sind grammatikalisch falsch und unverständlich. Dieselben Gedanken werden ständig wiederholt.</li>
                      <li><span class="has-inline-color has-colibri-color-3-color"><strong>Auffälliges Gefühlsleben</strong>: </span>
                        <br>Dies kann sich als innere Leere, Abstumpfung und sozialer Rückzug äussern, manchmal als auch depressive Verstimmung. Plötzliche Stimmungswechsel oder völlig unpassendes Verhalten können ebenfalls vorkommen – zum Beispiel Lachen
                        bei traurigen Anlässen.</li>
                      <li><span class="has-inline-color has-colibri-color-3-color"><strong>Bewegungsauffälligkeiten</strong>: </span>
                        <br>Manche Menschen haben einen ziellosen Bewegungsdrang, andere ahmen Bewegungen nach, grimassieren oder erstarren in teils ungewöhnlichen Gesten oder Körperhaltungen.</li>
                      <li><span class="has-inline-color has-colibri-color-3-color"><strong>Eingeschränkte Denkleistung</strong>: </span>
                        <br>Die Aufmerksamkeit, die Konzentration und das Gedächtnis sind gestört. Das Lösen komplexerer Aufgaben (beispielsweise, sich auf eine Stelle zu bewerben) bereitet starke Probleme.</li>
                    </ul>
                    

                    
                    <p class="has-colibri-color-3-color has-text-color"><strong>Behandlung/ Therapie</strong></p>
                    
                  </div>
                </div>
              </div>
            </div>
          </div>
        </div>
      </div>
    </div>
  </div>
</div>

<p>Was ist Schizophrenie / eine schizophrene Psychose? Schizophrenie ist eine chronische Krankheit, die phasenweise verlaufen kann, wobei Dauer und Muster der Phasen variieren können. Weltweit leidet ein Prozent der Bevölkerung mindestens einmal im Leben an Schizophrenie. Schizophrenie ist charakterisiert durch Psychose (Realitätsverlust), Halluzinationen (Wahrnehmungsstörungen), Wahnvorstellungen (falsche Überzeugungen), Inkongruenz von Denken und Handeln, Affektverflachung (eingeschränkter emotionaler [&hellip;]</p>
