{"id":596,"date":"2021-05-14T19:01:16","date_gmt":"2021-05-14T19:01:16","guid":{"rendered":"https:\/\/psychotherapiehaus.ch\/?page_id=596-old"},"modified":"2021-10-06T15:12:01","modified_gmt":"2021-10-06T15:12:01","slug":"politische-beratung-before-import","status":"publish","type":"page","link":"https:\/\/psychotherapiehaus.ch\/tr\/politische-beratung-before-import\/","title":{"rendered":"Politik Dan\u0131\u015fmanl\u0131k"},"content":{"rendered":"<div data-colibri-id=\"596-c1\" class=\"style-1110 style-local-596-c1 position-relative\">\n  <!---->\n  <div data-colibri-component=\"section\" data-colibri-id=\"596-c2\" id=\"initial-content\" class=\"h-section h-section-global-spacing d-flex align-items-lg-center align-items-md-center align-items-center style-1111 style-local-596-c2 position-relative\">\n    <!---->\n    <!---->\n    <div class=\"h-section-grid-container h-section-boxed-container\">\n      <!---->\n      <div data-colibri-id=\"596-c3\" class=\"h-row-container gutters-row-lg-2 gutters-row-md-2 gutters-row-0 gutters-row-v-lg-2 gutters-row-v-md-2 gutters-row-v-2 style-1112 style-local-596-c3 position-relative\">\n        <!---->\n        <div class=\"h-row justify-content-lg-center justify-content-md-center justify-content-center align-items-lg-stretch align-items-md-stretch align-items-stretch gutters-col-lg-2 gutters-col-md-2 gutters-col-0 gutters-col-v-lg-2 gutters-col-v-md-2 gutters-col-v-2\">\n          <!---->\n          <div class=\"h-column h-column-container d-flex h-col-lg-auto h-col-md-auto h-col-auto style-1113-outer style-local-596-c4-outer\">\n            <div data-colibri-id=\"596-c4\" class=\"d-flex h-flex-basis h-column__inner h-px-lg-2 h-px-md-2 h-px-2 v-inner-lg-2 v-inner-md-2 v-inner-2 style-1113 style-local-596-c4 position-relative\">\n              <!---->\n              <!---->\n              <div class=\"w-100 h-y-container h-column__content h-column__v-align flex-basis-100 align-self-lg-start align-self-md-start align-self-start\">\n                <!---->\n                <div data-colibri-id=\"596-c6\" class=\"d-block style-1115 style-local-596-c6 position-relative h-element\">\n                  <!---->\n                  <div class=\"h-image__frame-container-outer\">\n                    <div class=\"h-image__frame-container\">\n                      <!---->\n                      <!---->\n                      <img loading=\"lazy\" width=\"1920\" height=\"2560\" src=\"https:\/\/psychotherapiehaus.ch\/wp-content\/uploads\/2021\/09\/cropped-martin-luther-king-jr-749022-scaled-1.jpg\" class=\"wp-image-3382 style-1115-image style-local-596-c6-image\" srcset=\"https:\/\/psychotherapiehaus.ch\/wp-content\/uploads\/2021\/09\/cropped-martin-luther-king-jr-749022-scaled-1.jpg 1920w, https:\/\/psychotherapiehaus.ch\/wp-content\/uploads\/2021\/09\/cropped-martin-luther-king-jr-749022-scaled-1-225x300.jpg 225w, https:\/\/psychotherapiehaus.ch\/wp-content\/uploads\/2021\/09\/cropped-martin-luther-king-jr-749022-scaled-1-768x1024.jpg 768w, https:\/\/psychotherapiehaus.ch\/wp-content\/uploads\/2021\/09\/cropped-martin-luther-king-jr-749022-scaled-1-1152x1536.jpg 1152w, https:\/\/psychotherapiehaus.ch\/wp-content\/uploads\/2021\/09\/cropped-martin-luther-king-jr-749022-scaled-1-1536x2048.jpg 1536w, https:\/\/psychotherapiehaus.ch\/wp-content\/uploads\/2021\/09\/cropped-martin-luther-king-jr-749022-scaled-1-9x12.jpg 9w\" sizes=\"(max-width: 1920px) 100vw, 1920px\" alt=\"\" \/>\n                      <div class=\"h-image__frame h-hide-lg h-hide-md h-hide-sm style-1115-frameImage style-local-596-c6-frameImage\"><\/div>\n                    <\/div>\n                  <\/div>\n                <\/div>\n                <div data-colibri-id=\"596-c5\" class=\"style-1114 style-local-596-c5 position-relative h-element\">\n                  <!---->\n                  <div>\n                    \n                    <figure class=\"wp-block-image size-large is-resized\">\n                      <img loading=\"lazy\" src=\"https:\/\/psychotherapiehaus.ch\/wp-content\/uploads\/2021\/09\/martin-luther-king-jr-749022-768x1024.jpg\" alt=\"\" class=\"wp-image-3215\" width=\"428\" height=\"570\" srcset=\"https:\/\/psychotherapiehaus.ch\/wp-content\/uploads\/2021\/09\/martin-luther-king-jr-749022-768x1024.jpg 768w, https:\/\/psychotherapiehaus.ch\/wp-content\/uploads\/2021\/09\/martin-luther-king-jr-749022-225x300.jpg 225w, https:\/\/psychotherapiehaus.ch\/wp-content\/uploads\/2021\/09\/martin-luther-king-jr-749022-1152x1536.jpg 1152w, https:\/\/psychotherapiehaus.ch\/wp-content\/uploads\/2021\/09\/martin-luther-king-jr-749022-1536x2048.jpg 1536w, https:\/\/psychotherapiehaus.ch\/wp-content\/uploads\/2021\/09\/martin-luther-king-jr-749022-9x12.jpg 9w, https:\/\/psychotherapiehaus.ch\/wp-content\/uploads\/2021\/09\/martin-luther-king-jr-749022-scaled.jpg 1920w\" sizes=\"(max-width: 428px) 100vw, 428px\" \/>\n                    <\/figure>\n                    \n\n                    <ul>\n                      <li style=\"color: #279635; font-family: 'Montserrat Alternates';\"><span style=\"color: #46707f; font-family: 'Montserrat Alternates';\">Willst du politische Karriere machen?<\/span><\/li>\n                      <li style=\"color: #279635; font-family: 'Montserrat Alternates';\"><span style=\"color: #46707f; font-family: 'Montserrat Alternates';\">Willst du in einer Partei beitreten?<\/span><\/li>\n                      <li style=\"color: #279635; font-family: 'Montserrat Alternates';\"><span style=\"color: #46707f; font-family: 'Montserrat Alternates';\">Willst du dich f\u00fcr einen politischen Amt zur Wahl stellen?<\/span><\/li>\n                      <li style=\"color: #279635; font-family: 'Montserrat Alternates';\"><span style=\"color: #46707f; font-family: 'Montserrat Alternates';\">Willst du f\u00fcr die politische Themen Beratung haben?<\/span><\/li>\n                      <li style=\"color: #279635; font-family: 'Montserrat Alternates';\"><span style=\"color: #46707f; font-family: 'Montserrat Alternates';\">Brauchst du&nbsp; Beratung f\u00fcr Wahlkamp?<\/span><\/li>\n                      <li style=\"color: #279635; font-family: 'Montserrat Alternates';\"><span style=\"color: #46707f; font-family: 'Montserrat Alternates';\">Brauchst&nbsp; du Wahlkampf Begleitung?<\/span><\/li>\n                    <\/ul>\n                  <\/div>\n                <\/div>\n              <\/div>\n            <\/div>\n          <\/div>\n        <\/div>\n      <\/div>\n    <\/div>\n  <\/div>\n<\/div>","protected":false},"excerpt":{"rendered":"<p>Willst du politische Karriere machen? Willst du in einer Partei beitreten? Willst du dich f\u00fcr einen politischen Amt zur Wahl stellen? Willst du f\u00fcr die politische Themen Beratung haben? Brauchst du&nbsp; Beratung f\u00fcr Wahlkamp? Brauchst&nbsp; du Wahlkampf Begleitung?<\/p>","protected":false},"author":1,"featured_media":0,"parent":0,"menu_order":0,"comment_status":"closed","ping_status":"closed","template":"page-templates\/full-width-page.php","meta":[],"_links":{"self":[{"href":"https:\/\/psychotherapiehaus.ch\/tr\/wp-json\/wp\/v2\/pages\/596"}],"collection":[{"href":"https:\/\/psychotherapiehaus.ch\/tr\/wp-json\/wp\/v2\/pages"}],"about":[{"href":"https:\/\/psychotherapiehaus.ch\/tr\/wp-json\/wp\/v2\/types\/page"}],"author":[{"embeddable":true,"href":"https:\/\/psychotherapiehaus.ch\/tr\/wp-json\/wp\/v2\/users\/1"}],"replies":[{"embeddable":true,"href":"https:\/\/psychotherapiehaus.ch\/tr\/wp-json\/wp\/v2\/comments?post=596"}],"version-history":[{"count":14,"href":"https:\/\/psychotherapiehaus.ch\/tr\/wp-json\/wp\/v2\/pages\/596\/revisions"}],"predecessor-version":[{"id":3391,"href":"https:\/\/psychotherapiehaus.ch\/tr\/wp-json\/wp\/v2\/pages\/596\/revisions\/3391"}],"wp:attachment":[{"href":"https:\/\/psychotherapiehaus.ch\/tr\/wp-json\/wp\/v2\/media?parent=596"}],"curies":[{"name":"wp","href":"https:\/\/api.w.org\/{rel}","templated":true}]}}

Politik Danışmanlık

<div data-colibri-id="596-c1" class="style-1110 style-local-596-c1 position-relative">
  <!---->
  <div data-colibri-component="section" data-colibri-id="596-c2" id="initial-content" class="h-section h-section-global-spacing d-flex align-items-lg-center align-items-md-center align-items-center style-1111 style-local-596-c2 position-relative">
    <!---->
    <!---->
    <div class="h-section-grid-container h-section-boxed-container">
      <!---->
      <div data-colibri-id="596-c3" class="h-row-container gutters-row-lg-2 gutters-row-md-2 gutters-row-0 gutters-row-v-lg-2 gutters-row-v-md-2 gutters-row-v-2 style-1112 style-local-596-c3 position-relative">
        <!---->
        <div class="h-row justify-content-lg-center justify-content-md-center justify-content-center align-items-lg-stretch align-items-md-stretch align-items-stretch gutters-col-lg-2 gutters-col-md-2 gutters-col-0 gutters-col-v-lg-2 gutters-col-v-md-2 gutters-col-v-2">
          <!---->
          <div class="h-column h-column-container d-flex h-col-lg-auto h-col-md-auto h-col-auto style-1113-outer style-local-596-c4-outer">
            <div data-colibri-id="596-c4" class="d-flex h-flex-basis h-column__inner h-px-lg-2 h-px-md-2 h-px-2 v-inner-lg-2 v-inner-md-2 v-inner-2 style-1113 style-local-596-c4 position-relative">
              <!---->
              <!---->
              <div class="w-100 h-y-container h-column__content h-column__v-align flex-basis-100 align-self-lg-start align-self-md-start align-self-start">
                <!---->
                <div data-colibri-id="596-c6" class="d-block style-1115 style-local-596-c6 position-relative h-element">
                  <!---->
                  <div class="h-image__frame-container-outer">
                    <div class="h-image__frame-container">
                      <!---->
                      <!---->
                      <img loading="lazy" width="1920" height="2560" src="https://psychotherapiehaus.ch/wp-content/uploads/2021/09/cropped-martin-luther-king-jr-749022-scaled-1.jpg" class="wp-image-3382 style-1115-image style-local-596-c6-image" srcset="https://psychotherapiehaus.ch/wp-content/uploads/2021/09/cropped-martin-luther-king-jr-749022-scaled-1.jpg 1920w, https://psychotherapiehaus.ch/wp-content/uploads/2021/09/cropped-martin-luther-king-jr-749022-scaled-1-225x300.jpg 225w, https://psychotherapiehaus.ch/wp-content/uploads/2021/09/cropped-martin-luther-king-jr-749022-scaled-1-768x1024.jpg 768w, https://psychotherapiehaus.ch/wp-content/uploads/2021/09/cropped-martin-luther-king-jr-749022-scaled-1-1152x1536.jpg 1152w, https://psychotherapiehaus.ch/wp-content/uploads/2021/09/cropped-martin-luther-king-jr-749022-scaled-1-1536x2048.jpg 1536w, https://psychotherapiehaus.ch/wp-content/uploads/2021/09/cropped-martin-luther-king-jr-749022-scaled-1-9x12.jpg 9w" sizes="(max-width: 1920px) 100vw, 1920px" alt="" />
                      <div class="h-image__frame h-hide-lg h-hide-md h-hide-sm style-1115-frameImage style-local-596-c6-frameImage"></div>
                    </div>
                  </div>
                </div>
                <div data-colibri-id="596-c5" class="style-1114 style-local-596-c5 position-relative h-element">
                  <!---->
                  <div>
                    
                    <figure class="wp-block-image size-large is-resized">
                      <img loading="lazy" src="https://psychotherapiehaus.ch/wp-content/uploads/2021/09/martin-luther-king-jr-749022-768x1024.jpg" alt="" class="wp-image-3215" width="428" height="570" srcset="https://psychotherapiehaus.ch/wp-content/uploads/2021/09/martin-luther-king-jr-749022-768x1024.jpg 768w, https://psychotherapiehaus.ch/wp-content/uploads/2021/09/martin-luther-king-jr-749022-225x300.jpg 225w, https://psychotherapiehaus.ch/wp-content/uploads/2021/09/martin-luther-king-jr-749022-1152x1536.jpg 1152w, https://psychotherapiehaus.ch/wp-content/uploads/2021/09/martin-luther-king-jr-749022-1536x2048.jpg 1536w, https://psychotherapiehaus.ch/wp-content/uploads/2021/09/martin-luther-king-jr-749022-9x12.jpg 9w, https://psychotherapiehaus.ch/wp-content/uploads/2021/09/martin-luther-king-jr-749022-scaled.jpg 1920w" sizes="(max-width: 428px) 100vw, 428px" />
                    </figure>
                    

                    <ul>
                      <li style="color: #279635; font-family: 'Montserrat Alternates';"><span style="color: #46707f; font-family: 'Montserrat Alternates';">Willst du politische Karriere machen?</span></li>
                      <li style="color: #279635; font-family: 'Montserrat Alternates';"><span style="color: #46707f; font-family: 'Montserrat Alternates';">Willst du in einer Partei beitreten?</span></li>
                      <li style="color: #279635; font-family: 'Montserrat Alternates';"><span style="color: #46707f; font-family: 'Montserrat Alternates';">Willst du dich für einen politischen Amt zur Wahl stellen?</span></li>
                      <li style="color: #279635; font-family: 'Montserrat Alternates';"><span style="color: #46707f; font-family: 'Montserrat Alternates';">Willst du für die politische Themen Beratung haben?</span></li>
                      <li style="color: #279635; font-family: 'Montserrat Alternates';"><span style="color: #46707f; font-family: 'Montserrat Alternates';">Brauchst du&nbsp; Beratung für Wahlkamp?</span></li>
                      <li style="color: #279635; font-family: 'Montserrat Alternates';"><span style="color: #46707f; font-family: 'Montserrat Alternates';">Brauchst&nbsp; du Wahlkampf Begleitung?</span></li>
                    </ul>
                  </div>
                </div>
              </div>
            </div>
          </div>
        </div>
      </div>
    </div>
  </div>
</div>

<p>Willst du politische Karriere machen? Willst du in einer Partei beitreten? Willst du dich für einen politischen Amt zur Wahl stellen? Willst du für die politische Themen Beratung haben? Brauchst du&nbsp; Beratung für Wahlkamp? Brauchst&nbsp; du Wahlkampf Begleitung?</p>
