{"id":883,"date":"2021-05-17T18:02:09","date_gmt":"2021-05-17T18:02:09","guid":{"rendered":"https:\/\/psychotherapiehaus.ch\/?page_id=883"},"modified":"2021-10-08T08:11:59","modified_gmt":"2021-10-08T08:11:59","slug":"kognitive-verhaltenstherapie","status":"publish","type":"page","link":"https:\/\/psychotherapiehaus.ch\/tr\/kognitive-verhaltenstherapie\/","title":{"rendered":"Bili\u015fsel Davran\u0131\u015f\u00e7\u0131 Terapi"},"content":{"rendered":"<div data-colibri-id=\"883-c1\" class=\"style-1096 style-local-883-c1 position-relative\">\r\n  <!---->\r\n  <div data-colibri-component=\"section\" data-colibri-id=\"883-c2\" id=\"initial-content\" class=\"h-section h-section-global-spacing d-flex align-items-lg-center align-items-md-center align-items-center style-1097 style-local-883-c2 position-relative\">\r\n    <!---->\r\n    <!---->\r\n    <div class=\"h-section-grid-container h-section-boxed-container\">\r\n      <!---->\r\n      <div data-colibri-id=\"883-c6\" class=\"h-row-container gutters-row-lg-2 gutters-row-md-2 gutters-row-0 gutters-row-v-lg-2 gutters-row-v-md-2 gutters-row-v-2 style-1101 style-local-883-c6 position-relative\">\r\n        <!---->\r\n        <div class=\"h-row justify-content-lg-center justify-content-md-center justify-content-center align-items-lg-stretch align-items-md-stretch align-items-stretch gutters-col-lg-2 gutters-col-md-2 gutters-col-0 gutters-col-v-lg-2 gutters-col-v-md-2 gutters-col-v-2\">\r\n          <!---->\r\n          <div class=\"h-column h-column-container d-flex h-col-lg-auto h-col-md-auto h-col-auto style-1102-outer style-local-883-c7-outer\">\r\n            <div data-colibri-id=\"883-c7\" class=\"d-flex h-flex-basis h-column__inner h-px-lg-2 h-px-md-2 h-px-2 v-inner-lg-2 v-inner-md-2 v-inner-2 style-1102 style-local-883-c7 position-relative\">\r\n              <!---->\r\n              <!---->\r\n              <div class=\"w-100 h-y-container h-column__content h-column__v-align flex-basis-100 align-self-lg-start align-self-md-start align-self-start\">\r\n                <!---->\r\n                <div data-colibri-id=\"883-c8\" class=\"d-block style-1103 style-local-883-c8 position-relative h-element\">\r\n                  <!---->\r\n                  <div class=\"h-image__frame-container-outer\">\r\n                    <div class=\"h-image__frame-container\">\r\n                      <!---->\r\n                      <!---->\r\n                      <img loading=\"lazy\" width=\"600\" height=\"307\" src=\"https:\/\/psychotherapiehaus.ch\/wp-content\/uploads\/2021\/07\/cropped-portfolio-2.jpg\" class=\"wp-image-3366 style-1103-image style-local-883-c8-image\" srcset=\"https:\/\/psychotherapiehaus.ch\/wp-content\/uploads\/2021\/07\/cropped-portfolio-2.jpg 600w, https:\/\/psychotherapiehaus.ch\/wp-content\/uploads\/2021\/07\/cropped-portfolio-2-300x154.jpg 300w, https:\/\/psychotherapiehaus.ch\/wp-content\/uploads\/2021\/07\/cropped-portfolio-2-18x9.jpg 18w\" sizes=\"(max-width: 600px) 100vw, 600px\" alt=\"\" \/>\r\n                      <div class=\"h-image__frame h-hide-lg h-hide-md h-hide-sm style-1103-frameImage style-local-883-c8-frameImage\"><\/div>\r\n                    <\/div>\r\n                  <\/div>\r\n                <\/div>\r\n              <\/div>\r\n            <\/div>\r\n          <\/div>\r\n        <\/div>\r\n      <\/div>\r\n      <div data-colibri-id=\"883-c3\" class=\"h-row-container gutters-row-lg-2 gutters-row-md-2 gutters-row-0 gutters-row-v-lg-2 gutters-row-v-md-2 gutters-row-v-2 style-1098 style-local-883-c3 position-relative\">\r\n        <!---->\r\n        <div class=\"h-row justify-content-lg-center justify-content-md-center justify-content-center align-items-lg-stretch align-items-md-stretch align-items-stretch gutters-col-lg-2 gutters-col-md-2 gutters-col-0 gutters-col-v-lg-2 gutters-col-v-md-2 gutters-col-v-2\">\r\n          <!---->\r\n          <div class=\"h-column h-column-container d-flex h-col-lg-auto h-col-md-auto h-col-auto style-1099-outer style-local-883-c4-outer\">\r\n            <div data-colibri-id=\"883-c4\" class=\"d-flex h-flex-basis h-column__inner h-px-lg-2 h-px-md-2 h-px-2 v-inner-lg-2 v-inner-md-2 v-inner-2 style-1099 style-local-883-c4 position-relative\">\r\n              <!---->\r\n              <!---->\r\n              <div class=\"w-100 h-y-container h-column__content h-column__v-align flex-basis-100 align-self-lg-start align-self-md-start align-self-start\">\r\n                <!---->\r\n                <div data-colibri-id=\"883-c5\" class=\"style-1100 style-local-883-c5 position-relative h-element\">\r\n                  <!---->\r\n                  <div>\r\n                    <ul>\r\n                      <li style=\"color: #279635;font-family: 'Montserrat Alternates';\">\r\n                        <strong><em><span style=\"color: #279635;font-family: 'Montserrat Alternates';\">Die kognitive Verhaltenstherapie<\/span><\/em><\/strong><span style=\"color: rgb(70, 112, 127);font-family: 'Montserrat Alternates';\"> ist eine spezielle Form der Psychotherapie. Sie basiert auf dem Prinzip, dass ung\u00fcnstige Verhaltensweisen und Denkmuster erlernt wurden und demnach auch wieder verlernt werden k\u00f6nnen.<\/span><\/li>\r\n                      <li style=\"color: #279635;font-family: 'Montserrat Alternates';\">\r\n                        <span style=\"color: rgb(70, 112, 127);font-family: 'Montserrat Alternates';\">Die kognitive Therapie stellt somit die aktive Gestaltung des Wahrnehmungsprozesses in den Vordergrund. &nbsp;Im Mittelpunkt der kognitiven Verhaltenstherapie stehen Kognitionen und Verhaltensmuster. Die Kognitionen umfassen Einstellungen, Gedanken, Bewertungen und \u00dcberzeugungen. &nbsp;Schwerpunkte der Therapie sind&nbsp;die Bewusstmachung von Kognitionen,&nbsp;die \u00dcberpr\u00fcfung von Kognitionen und Schlussfolgerungen auf ihre Angemessenheit,&nbsp;die Korrektur von irrationalen Einstellungen und&nbsp;der Transfer der korrigierten Einstellungen ins konkrete Verhalten.\r\n<\/span><\/li>\r\n                      <li style=\"color: #279635;font-family: 'Montserrat Alternates';\">\r\n                        <span style=\"color: rgb(70, 112, 127);font-family: 'Montserrat Alternates';\">Die kognitive Verhaltenstherapie verbindet Methoden auf kognitiver Ebene, Gef\u00fchlsebene und Verhaltensebene. Um eine Ver\u00e4nderung kognitiver Muster und damit verbundener Verhaltensweisen und ein positives Gef\u00fchl &nbsp;zu erreichen, werden kognitive Verfahren und verhaltensorientierte Verfahren eingesetzt.<\/span><\/li>\r\n                      <li style=\"color: #279635;font-family: 'Montserrat Alternates';\">\r\n                        <span style=\"color: #279635;font-family: 'Montserrat Alternates';\">https:\/\/www.sgvt-sstcc.ch\/fuer-fachpersonen\/wer-sind-wir\/was-ist-kvt<\/span><\/li>\r\n                    <\/ul>\r\n                  <\/div>\r\n                <\/div>\r\n              <\/div>\r\n            <\/div>\r\n          <\/div>\r\n        <\/div>\r\n      <\/div>\r\n    <\/div>\r\n  <\/div>\r\n<\/div>","protected":false},"excerpt":{"rendered":"<p>Die kognitive Verhaltenstherapie ist eine spezielle Form der Psychotherapie. Sie basiert auf dem Prinzip, dass ung\u00fcnstige Verhaltensweisen und Denkmuster erlernt wurden und demnach auch wieder verlernt werden k\u00f6nnen. Die kognitive Therapie stellt somit die aktive Gestaltung des Wahrnehmungsprozesses in den Vordergrund. &nbsp;Im Mittelpunkt der kognitiven Verhaltenstherapie stehen Kognitionen und Verhaltensmuster. Die Kognitionen umfassen Einstellungen, Gedanken, [&hellip;]<\/p>","protected":false},"author":1,"featured_media":1917,"parent":0,"menu_order":0,"comment_status":"closed","ping_status":"closed","template":"page-templates\/full-width-page.php","meta":[],"_links":{"self":[{"href":"https:\/\/psychotherapiehaus.ch\/tr\/wp-json\/wp\/v2\/pages\/883"}],"collection":[{"href":"https:\/\/psychotherapiehaus.ch\/tr\/wp-json\/wp\/v2\/pages"}],"about":[{"href":"https:\/\/psychotherapiehaus.ch\/tr\/wp-json\/wp\/v2\/types\/page"}],"author":[{"embeddable":true,"href":"https:\/\/psychotherapiehaus.ch\/tr\/wp-json\/wp\/v2\/users\/1"}],"replies":[{"embeddable":true,"href":"https:\/\/psychotherapiehaus.ch\/tr\/wp-json\/wp\/v2\/comments?post=883"}],"version-history":[{"count":21,"href":"https:\/\/psychotherapiehaus.ch\/tr\/wp-json\/wp\/v2\/pages\/883\/revisions"}],"predecessor-version":[{"id":3516,"href":"https:\/\/psychotherapiehaus.ch\/tr\/wp-json\/wp\/v2\/pages\/883\/revisions\/3516"}],"wp:featuredmedia":[{"embeddable":true,"href":"https:\/\/psychotherapiehaus.ch\/tr\/wp-json\/wp\/v2\/media\/1917"}],"wp:attachment":[{"href":"https:\/\/psychotherapiehaus.ch\/tr\/wp-json\/wp\/v2\/media?parent=883"}],"curies":[{"name":"wp","href":"https:\/\/api.w.org\/{rel}","templated":true}]}}

Bilişsel Davranışçı Terapi

<div data-colibri-id="883-c1" class="style-1096 style-local-883-c1 position-relative">
  <!---->
  <div data-colibri-component="section" data-colibri-id="883-c2" id="initial-content" class="h-section h-section-global-spacing d-flex align-items-lg-center align-items-md-center align-items-center style-1097 style-local-883-c2 position-relative">
    <!---->
    <!---->
    <div class="h-section-grid-container h-section-boxed-container">
      <!---->
      <div data-colibri-id="883-c6" class="h-row-container gutters-row-lg-2 gutters-row-md-2 gutters-row-0 gutters-row-v-lg-2 gutters-row-v-md-2 gutters-row-v-2 style-1101 style-local-883-c6 position-relative">
        <!---->
        <div class="h-row justify-content-lg-center justify-content-md-center justify-content-center align-items-lg-stretch align-items-md-stretch align-items-stretch gutters-col-lg-2 gutters-col-md-2 gutters-col-0 gutters-col-v-lg-2 gutters-col-v-md-2 gutters-col-v-2">
          <!---->
          <div class="h-column h-column-container d-flex h-col-lg-auto h-col-md-auto h-col-auto style-1102-outer style-local-883-c7-outer">
            <div data-colibri-id="883-c7" class="d-flex h-flex-basis h-column__inner h-px-lg-2 h-px-md-2 h-px-2 v-inner-lg-2 v-inner-md-2 v-inner-2 style-1102 style-local-883-c7 position-relative">
              <!---->
              <!---->
              <div class="w-100 h-y-container h-column__content h-column__v-align flex-basis-100 align-self-lg-start align-self-md-start align-self-start">
                <!---->
                <div data-colibri-id="883-c8" class="d-block style-1103 style-local-883-c8 position-relative h-element">
                  <!---->
                  <div class="h-image__frame-container-outer">
                    <div class="h-image__frame-container">
                      <!---->
                      <!---->
                      <img loading="lazy" width="600" height="307" src="https://psychotherapiehaus.ch/wp-content/uploads/2021/07/cropped-portfolio-2.jpg" class="wp-image-3366 style-1103-image style-local-883-c8-image" srcset="https://psychotherapiehaus.ch/wp-content/uploads/2021/07/cropped-portfolio-2.jpg 600w, https://psychotherapiehaus.ch/wp-content/uploads/2021/07/cropped-portfolio-2-300x154.jpg 300w, https://psychotherapiehaus.ch/wp-content/uploads/2021/07/cropped-portfolio-2-18x9.jpg 18w" sizes="(max-width: 600px) 100vw, 600px" alt="" />
                      <div class="h-image__frame h-hide-lg h-hide-md h-hide-sm style-1103-frameImage style-local-883-c8-frameImage"></div>
                    </div>
                  </div>
                </div>
              </div>
            </div>
          </div>
        </div>
      </div>
      <div data-colibri-id="883-c3" class="h-row-container gutters-row-lg-2 gutters-row-md-2 gutters-row-0 gutters-row-v-lg-2 gutters-row-v-md-2 gutters-row-v-2 style-1098 style-local-883-c3 position-relative">
        <!---->
        <div class="h-row justify-content-lg-center justify-content-md-center justify-content-center align-items-lg-stretch align-items-md-stretch align-items-stretch gutters-col-lg-2 gutters-col-md-2 gutters-col-0 gutters-col-v-lg-2 gutters-col-v-md-2 gutters-col-v-2">
          <!---->
          <div class="h-column h-column-container d-flex h-col-lg-auto h-col-md-auto h-col-auto style-1099-outer style-local-883-c4-outer">
            <div data-colibri-id="883-c4" class="d-flex h-flex-basis h-column__inner h-px-lg-2 h-px-md-2 h-px-2 v-inner-lg-2 v-inner-md-2 v-inner-2 style-1099 style-local-883-c4 position-relative">
              <!---->
              <!---->
              <div class="w-100 h-y-container h-column__content h-column__v-align flex-basis-100 align-self-lg-start align-self-md-start align-self-start">
                <!---->
                <div data-colibri-id="883-c5" class="style-1100 style-local-883-c5 position-relative h-element">
                  <!---->
                  <div>
                    <ul>
                      <li style="color: #279635;font-family: 'Montserrat Alternates';">
                        <strong><em><span style="color: #279635;font-family: 'Montserrat Alternates';">Die kognitive Verhaltenstherapie</span></em></strong><span style="color: rgb(70, 112, 127);font-family: 'Montserrat Alternates';"> ist eine spezielle Form der Psychotherapie. Sie basiert auf dem Prinzip, dass ungünstige Verhaltensweisen und Denkmuster erlernt wurden und demnach auch wieder verlernt werden können.</span></li>
                      <li style="color: #279635;font-family: 'Montserrat Alternates';">
                        <span style="color: rgb(70, 112, 127);font-family: 'Montserrat Alternates';">Die kognitive Therapie stellt somit die aktive Gestaltung des Wahrnehmungsprozesses in den Vordergrund. &nbsp;Im Mittelpunkt der kognitiven Verhaltenstherapie stehen Kognitionen und Verhaltensmuster. Die Kognitionen umfassen Einstellungen, Gedanken, Bewertungen und Überzeugungen. &nbsp;Schwerpunkte der Therapie sind&nbsp;die Bewusstmachung von Kognitionen,&nbsp;die Überprüfung von Kognitionen und Schlussfolgerungen auf ihre Angemessenheit,&nbsp;die Korrektur von irrationalen Einstellungen und&nbsp;der Transfer der korrigierten Einstellungen ins konkrete Verhalten.
</span></li>
                      <li style="color: #279635;font-family: 'Montserrat Alternates';">
                        <span style="color: rgb(70, 112, 127);font-family: 'Montserrat Alternates';">Die kognitive Verhaltenstherapie verbindet Methoden auf kognitiver Ebene, Gefühlsebene und Verhaltensebene. Um eine Veränderung kognitiver Muster und damit verbundener Verhaltensweisen und ein positives Gefühl &nbsp;zu erreichen, werden kognitive Verfahren und verhaltensorientierte Verfahren eingesetzt.</span></li>
                      <li style="color: #279635;font-family: 'Montserrat Alternates';">
                        <span style="color: #279635;font-family: 'Montserrat Alternates';">https://www.sgvt-sstcc.ch/fuer-fachpersonen/wer-sind-wir/was-ist-kvt</span></li>
                    </ul>
                  </div>
                </div>
              </div>
            </div>
          </div>
        </div>
      </div>
    </div>
  </div>
</div>

<p>Die kognitive Verhaltenstherapie ist eine spezielle Form der Psychotherapie. Sie basiert auf dem Prinzip, dass ungünstige Verhaltensweisen und Denkmuster erlernt wurden und demnach auch wieder verlernt werden können. Die kognitive Therapie stellt somit die aktive Gestaltung des Wahrnehmungsprozesses in den Vordergrund. &nbsp;Im Mittelpunkt der kognitiven Verhaltenstherapie stehen Kognitionen und Verhaltensmuster. Die Kognitionen umfassen Einstellungen, Gedanken, [&hellip;]</p>
